7?
13
Calculate the highest common divisor of 821322066 and 1434.
1434
What is the highest common factor of 649233508 and 110?
22
What is the greatest common divisor of 834720 and 33681840?
8880
What is the highest common factor of 59880 and 888540?
60
What is the highest common factor of 535713 and 393?
3
What is the greatest common factor of 543 and 8529263?
181
Calculate the highest common divisor of 10080 and 217665.
315
What is the greatest common factor of 1005039 and 1677?
129
Calculate the greatest common factor of 66063 and 2745.
183
Calculate the greatest common factor of 802 and 25969963.
401
Calculate the greatest common divisor of 46357113 and 2805.
561
What is the highest common factor of 576 and 1709424?
144
Calculate the highest common divisor of 287 and 187487629.
287
What is the greatest common factor of 50508 and 5480532?
828
Calculate the highest common divisor of 5947600 and 8460461.
14869
What is the highest common divisor of 812 and 1605121?
203
What is the highest common factor of 42 and 58301616?
6
Calculate the highest common divisor of 6461 and 188734.
91
What is the highest common factor of 50867518 and 27914?
1642
What is the greatest common divisor of 678 and 61649410?
226
Calculate the greatest common divisor of 1952 and 325191.
61
Calculate the greatest common divisor of 63736302 and 7.
7
What is the greatest common divisor of 805275 and 272025?
675
What is the greatest common factor of 251769 and 43491?
399
Calculate the highest common divisor of 597 and 1132509.
597
What is the highest common divisor of 9981 and 265469093?
1109
What is the highest common factor of 8119 and 18254336?
353
Calculate the highest common divisor of 1524069 and 30276009.
10809
What is the highest common divisor of 38535519 and 33031?
1943
What is the highest common divisor of 513043 and 302923?
1751
What is the greatest common divisor of 131262 and 2080018?
262
Calculate the greatest common divisor of 86790 and 10.
10
What is the highest common divisor of 60 and 8157792?
12
What is the highest common factor of 1188185 and 781?
71
What is the greatest common factor of 191724 and 468?
156
Calculate the greatest common divisor of 1204215 and 341205.
645
What is the highest common factor of 302 and 131421793?
151
What is the greatest common factor of 321137999 and 182?
91
Calculate the highest common factor of 4787450 and 10051.
529
What is the greatest common divisor of 3789288 and 22472?
424
What is the highest common factor of 510 and 1346658?
6
Calculate the highest common divisor of 238 and 5492394.
34
Calculate the greatest common factor of 325 and 2566655.
65
Calculate the highest common divisor of 2525250 and 409290.
210
Calculate the greatest common factor of 238 and 24961958.
14
What is the highest common divisor of 459 and 534987?
9
What is the highest common divisor of 1185 and 4381290?
15
Calculate the greatest common factor of 2076 and 419871.
519
Calculate the greatest common factor of 5190 and 1126922.
346
Calculate the greatest common factor of 11715 and 5683905.
1065
Calculate the highest common divisor of 3541017 and 12663.
201
What is the greatest common divisor of 25 and 9832?
1
What is the greatest common factor of 21 and 79001559?
21
What is the highest common divisor of 76 and 30242?
2
Calculate the highest common divisor of 5266584 and 3790.
758
Calculate the greatest common factor of 141015 and 10455.
255
What is the highest common divisor of 180076 and 274872?
52
Calculate the greatest common factor of 37347940 and 5220.
580
Calculate the greatest common divisor of 15687 and 40824.
189
Calculate the highest common divisor of 8706778 and 566.
566
What is the highest common divisor of 4 and 57910970?
2
Calculate the highest common factor of 307570 and 5620.
10
What is the highest common factor of 294499466 and 174?
58
What is the highest common factor of 5781470 and 14335?
235
What is the highest common divisor of 38907 and 334719?
297
What is the greatest common divisor of 419224144 and 16?
16
Calculate the highest common divisor of 174 and 135026610.
174
Calculate the highest common divisor of 84900 and 436386.
1698
Calculate the greatest common divisor of 930 and 17206290.
30
What is the highest common factor of 375440 and 1632670?
2470
What is the highest common divisor of 177576400 and 800?
400
Calculate the highest common factor of 35 and 111098645.
35
What is the greatest common divisor of 42199612 and 56?
28
Calculate the highest common factor of 85941 and 9440778.
3183
What is the greatest common factor of 18624860 and 80?
20
What is the highest common factor of 1690237 and 5221712?
4871
What is the highest common divisor of 1156431 and 38736?
807
Calculate the highest common factor of 124 and 11433420.
124
What is the greatest common divisor of 16762515 and 3036?
759
Calculate the greatest common factor of 1170 and 183724515.
585
Calculate the greatest common factor of 90 and 12635145.
45
Calculate the greatest common factor of 29268 and 898094.
542
Calculate the greatest common factor of 1219 and 169303.
23
What is the greatest common divisor of 12473846 and 214?
214
Calculate the highest common factor of 153848368 and 68.
68
Calculate the highest common divisor of 38372 and 3223460.
212
Calculate the greatest common factor of 1056 and 1490707152.
528
What is the highest common divisor of 876959712 and 3303?
3303
What is the greatest common divisor of 1413577 and 122408?
1177
What is the highest common factor of 953118224 and 37?
37
What is the greatest common divisor of 6072 and 16309898?
506
What is the highest common divisor of 29963 and 1096718?
361
Calculate the highest common divisor of 748 and 115494668.
68
Calculate the greatest common factor of 4927498 and 494.
38
Calculate the highest common divisor of 8279921 and 26.
13
What is the greatest common divisor of 115278870 and 2636?
1318
What is the highest common divisor of 2079 and 204093?
27
Calculate the greatest common divisor of 29150 and 72337050.
2650
What is the greatest common factor of 149693 and 7918?
107
Calculate the highest common divisor of 126519148 and 56.
28
Calculate the greatest common divisor of 20179007 and 14744.
1843
What is the highest common factor of 1076860 and 54832?
92
What is the highest common divisor of 12 and 281291052?
12
Calculate the greatest common divisor of 112 and 320319536.
16
Calculate the greatest common divisor of 68089 and 31836471.
9727
What is the highest common divisor of 515 and 721?
103
Calculate the greatest common divisor of 1320 and 279807.
33
Calculate the highest common factor of 35827298 and 1118.
26
What is the highest common divisor of 2185 and 8426785?
95
Calculate the highest common factor of 2090 and 38560291.
209
Calculate the highest common factor of 1420041888 and 3936.
3936
Calculate the greatest common factor of 364762 and 68853627.
9599
What is the greatest common divisor of 74632 and 8170?
38
Calculate the highest common divisor of 164 and 12899338.
82
What is the highest common divisor of 74639 and 53833?
101
What is the highest common factor of 80 and 27936496?
16
What is the greatest common divisor of 32096684 and 1636?
1636
What is the highest common factor of 21 and 30555399?
21
Calculate the greatest common factor of 243368 and 29928.
232
What is the highest common divisor of 522 and 104457942?
522
Calculate the greatest common divisor of 154 and 8560888.
14
What is the greatest common divisor of 602 and 771358?
14
What is the highest common factor of 206 and 654689218?
206
Calculate the greatest common factor of 17100 and 36551364.
228
Calculate the greatest common factor of 27 and 263439.
27
What is the highest common factor of 452782 and 2662?
242
What is the greatest common divisor of 1026 and 12444582?
114
Calculate the highest common divisor of 1726074 and 475.
19
What is the highest common divisor of 63 and 4797297?
9
What is the greatest common factor of 3729636 and 110142?
3798
Calculate the highest common divisor of 152872 and 17862384.
1576
What is the greatest common divisor of 5199768 and 261744?
3192
Calculate the highest common divisor of 243162 and 1263842.
3002
Calculate the greatest common factor of 1244428 and 4484.
236
What is the highest common f